{"id":8870,"date":"2026-02-06T18:16:48","date_gmt":"2026-02-06T16:16:48","guid":{"rendered":"https:\/\/www.askainen.fi\/portaali\/?page_id=8870"},"modified":"2026-02-06T18:38:12","modified_gmt":"2026-02-06T16:38:12","slug":"paikalliset-yhdistykset","status":"publish","type":"page","link":"https:\/\/www.askainen.fi\/portaali\/paikalliset-yhdistykset","title":{"rendered":"Paikalliset yhdistykset"},"content":{"rendered":"\n<p><\/p>\n\n\n\n<p id=\"block-f05842bc-73a9-4d68-adf7-94b0080e689e\"><strong>Askaisten kyl\u00e4yhdistys ry.<\/strong><\/p>\n\n\n\n<figure class=\"wp-block-image is-resized\" id=\"block-03507cfe-4d76-4f30-9bd6-94f961f9c114\"><img data-recalc-dims=\"1\" height=\"525\" width=\"525\" decoding=\"async\" src=\"https:\/\/i0.wp.com\/www.askainen.fi\/portaali\/wp-content\/uploads\/2015\/09\/cropped-akylogo-iso-1.png?resize=525%2C525&#038;ssl=1\" alt=\"T\u00e4m\u00e4n kuvan alt-attribuutti on tyhj\u00e4; Tiedoston nimi on cropped-akylogo-iso-1-1024x1024.png\" style=\"width:85px\"\/><\/figure>\n\n\n\n<p id=\"block-825521ca-5679-492e-9a4c-2253affb51cb\">Y-tunnus: 2824956-1<\/p>\n\n\n\n<p id=\"block-283c4eed-4288-4667-8195-cef479b48eae\">S\u00e4hk\u00f6posti: <a href=\"mailto:aky@askainen.fi\">aky@askainen.fi<\/a><\/p>\n\n\n\n<p id=\"block-d3e5ec8e-0db7-44ac-a156-11e5bd931cf7\">Nettisivut: <a href=\"http:\/\/askainen.fi\">askainen.fi<\/a><\/p>\n\n\n\n<p id=\"block-c725c4cc-9330-4c9e-9285-a94e585957b1\">Sosiaalinen media: Facebook: Askaisten kyl\u00e4yhdistys ry, Instagram: @askaistelaine<\/p>\n\n\n\n<p id=\"block-2ed973e3-7c19-4fbb-9323-4ebcd30fb627\">Yhteyshenkil\u00f6: Erika Kivirinta, puheenjohtaja<\/p>\n\n\n\n<p>&nbsp;<\/p>\n\n\n\n<p><strong>Maskun Vasemmistoliitto ry.\/ Askaisten ty\u00f6v\u00e4entalo&nbsp;<\/strong><\/p>\n\n\n\n<figure class=\"wp-block-image size-full is-resized\"><img data-recalc-dims=\"1\" loading=\"lazy\" decoding=\"async\" width=\"153\" height=\"144\" data-attachment-id=\"8856\" data-permalink=\"https:\/\/www.askainen.fi\/portaali\/?attachment_id=8856\" data-orig-file=\"https:\/\/i0.wp.com\/www.askainen.fi\/portaali\/wp-content\/uploads\/2025\/12\/331393871_1626747584436920_5075659548163570587_n.jpg?fit=153%2C144&amp;ssl=1\" data-orig-size=\"153,144\" data-comments-opened=\"0\" data-image-meta=\"{&quot;aperture&quot;:&quot;0&quot;,&quot;credit&quot;:&quot;&quot;,&quot;camera&quot;:&quot;&quot;,&quot;caption&quot;:&quot;&quot;,&quot;created_timestamp&quot;:&quot;0&quot;,&quot;copyright&quot;:&quot;&quot;,&quot;focal_length&quot;:&quot;0&quot;,&quot;iso&quot;:&quot;0&quot;,&quot;shutter_speed&quot;:&quot;0&quot;,&quot;title&quot;:&quot;&quot;,&quot;orientation&quot;:&quot;0&quot;}\" data-image-title=\"331393871_1626747584436920_5075659548163570587_n\" data-image-description=\"\" data-image-caption=\"\" data-large-file=\"https:\/\/i0.wp.com\/www.askainen.fi\/portaali\/wp-content\/uploads\/2025\/12\/331393871_1626747584436920_5075659548163570587_n.jpg?fit=153%2C144&amp;ssl=1\" src=\"https:\/\/i0.wp.com\/www.askainen.fi\/portaali\/wp-content\/uploads\/2025\/12\/331393871_1626747584436920_5075659548163570587_n.jpg?resize=153%2C144&#038;ssl=1\" alt=\"\" class=\"wp-image-8856\" style=\"width:85px\"\/><\/figure>\n\n\n\n<p>Y-tunnus: 0934084-5<\/p>\n\n\n\n<p>S\u00e4hk\u00f6posti: <a href=\"mailto:askaistentyovaentalo@gmail.com\" target=\"_blank\" rel=\"noreferrer noopener\">askaistentyovaentalo@gmail.com<\/a><\/p>\n\n\n\n<p>Nettisivut: <a href=\"http:\/\/askaistentyovaentalo.fi\/\" target=\"_blank\" rel=\"noreferrer noopener\">askaistentyovaentalo.fi<\/a><\/p>\n\n\n\n<p>Sosiaalinen media: Facebook: Askaisten ty\u00f6v\u00e4entalo&nbsp;<\/p>\n\n\n\n<p>Yhteyshenkil\u00f6: Isto Virtanen<\/p>\n\n\n\n<p>&nbsp;<\/p>\n\n\n\n<p><strong>Askaisten Martat ry.<\/strong><\/p>\n\n\n\n<figure class=\"wp-block-image size-full is-resized\"><img data-recalc-dims=\"1\" loading=\"lazy\" decoding=\"async\" width=\"225\" height=\"225\" data-attachment-id=\"8855\" data-permalink=\"https:\/\/www.askainen.fi\/portaali\/?attachment_id=8855\" data-orig-file=\"https:\/\/i0.wp.com\/www.askainen.fi\/portaali\/wp-content\/uploads\/2025\/12\/images.png?fit=225%2C225&amp;ssl=1\" data-orig-size=\"225,225\" data-comments-opened=\"0\" data-image-meta=\"{&quot;aperture&quot;:&quot;0&quot;,&quot;credit&quot;:&quot;&quot;,&quot;camera&quot;:&quot;&quot;,&quot;caption&quot;:&quot;&quot;,&quot;created_timestamp&quot;:&quot;0&quot;,&quot;copyright&quot;:&quot;&quot;,&quot;focal_length&quot;:&quot;0&quot;,&quot;iso&quot;:&quot;0&quot;,&quot;shutter_speed&quot;:&quot;0&quot;,&quot;title&quot;:&quot;&quot;,&quot;orientation&quot;:&quot;0&quot;}\" data-image-title=\"images\" data-image-description=\"\" data-image-caption=\"\" data-large-file=\"https:\/\/i0.wp.com\/www.askainen.fi\/portaali\/wp-content\/uploads\/2025\/12\/images.png?fit=225%2C225&amp;ssl=1\" src=\"https:\/\/i0.wp.com\/www.askainen.fi\/portaali\/wp-content\/uploads\/2025\/12\/images.png?resize=225%2C225&#038;ssl=1\" alt=\"\" class=\"wp-image-8855\" style=\"width:85px\" srcset=\"https:\/\/i0.wp.com\/www.askainen.fi\/portaali\/wp-content\/uploads\/2025\/12\/images.png?w=225&amp;ssl=1 225w, https:\/\/i0.wp.com\/www.askainen.fi\/portaali\/wp-content\/uploads\/2025\/12\/images.png?resize=150%2C150&amp;ssl=1 150w, https:\/\/i0.wp.com\/www.askainen.fi\/portaali\/wp-content\/uploads\/2025\/12\/images.png?resize=100%2C100&amp;ssl=1 100w\" sizes=\"auto, (max-width: 225px) 100vw, 225px\" \/><\/figure>\n\n\n\n<p>Y-tunnus 1012983-6<\/p>\n\n\n\n<p>S\u00e4hk\u00f6posti: &nbsp;<a href=\"mailto:askaistenmartat@gmail.com\" target=\"_blank\" rel=\"noreferrer noopener\">askaistenmartat@gmail.com<\/a><\/p>\n\n\n\n<p>Nettisivut: &nbsp;<a href=\"http:\/\/askaistenmartat.marttayhdistys.fi\/\" target=\"_blank\" rel=\"noreferrer noopener\">askaistenmartat.marttayhdistys.fi<\/a><\/p>\n\n\n\n<p>Sosiaalinen media: Facebook: Askaisten Martat&nbsp;<\/p>\n\n\n\n<p>Yhteyshenkil\u00f6: Taina Dahlgren, &nbsp;<a href=\"mailto:taina.t.dahlgren@gmail.com\" target=\"_blank\" rel=\"noreferrer noopener\">taina.t.dahlgren@gmail.com<\/a><\/p>\n\n\n\n<p>&nbsp;<\/p>\n\n\n\n<p><strong>Askaisten koulun vanhempainyhdistys ry.<\/strong><\/p>\n\n\n\n<figure class=\"wp-block-image size-full is-resized\"><img data-recalc-dims=\"1\" loading=\"lazy\" decoding=\"async\" width=\"525\" height=\"524\" data-attachment-id=\"845\" data-permalink=\"https:\/\/www.askainen.fi\/portaali\/yhdistykset\/askiko-ry\/askiko-logo\" data-orig-file=\"https:\/\/i0.wp.com\/www.askainen.fi\/portaali\/wp-content\/uploads\/2013\/03\/Askiko-logo.jpeg?fit=961%2C960&amp;ssl=1\" data-orig-size=\"961,960\" data-comments-opened=\"1\" data-image-meta=\"{&quot;aperture&quot;:&quot;0&quot;,&quot;credit&quot;:&quot;&quot;,&quot;camera&quot;:&quot;&quot;,&quot;caption&quot;:&quot;&quot;,&quot;created_timestamp&quot;:&quot;0&quot;,&quot;copyright&quot;:&quot;&quot;,&quot;focal_length&quot;:&quot;0&quot;,&quot;iso&quot;:&quot;0&quot;,&quot;shutter_speed&quot;:&quot;0&quot;,&quot;title&quot;:&quot;&quot;,&quot;orientation&quot;:&quot;0&quot;}\" data-image-title=\"Askiko logo\" data-image-description=\"\" data-image-caption=\"\" data-large-file=\"https:\/\/i0.wp.com\/www.askainen.fi\/portaali\/wp-content\/uploads\/2013\/03\/Askiko-logo.jpeg?fit=525%2C524&amp;ssl=1\" src=\"https:\/\/i0.wp.com\/www.askainen.fi\/portaali\/wp-content\/uploads\/2013\/03\/Askiko-logo.jpeg?resize=525%2C524&#038;ssl=1\" alt=\"\" class=\"wp-image-845\" style=\"aspect-ratio:1.0010443015943005;object-fit:cover;width:85px\" srcset=\"https:\/\/i0.wp.com\/www.askainen.fi\/portaali\/wp-content\/uploads\/2013\/03\/Askiko-logo.jpeg?w=961&amp;ssl=1 961w, https:\/\/i0.wp.com\/www.askainen.fi\/portaali\/wp-content\/uploads\/2013\/03\/Askiko-logo.jpeg?resize=250%2C250&amp;ssl=1 250w, https:\/\/i0.wp.com\/www.askainen.fi\/portaali\/wp-content\/uploads\/2013\/03\/Askiko-logo.jpeg?resize=100%2C100&amp;ssl=1 100w, https:\/\/i0.wp.com\/www.askainen.fi\/portaali\/wp-content\/uploads\/2013\/03\/Askiko-logo.jpeg?resize=350%2C350&amp;ssl=1 350w, https:\/\/i0.wp.com\/www.askainen.fi\/portaali\/wp-content\/uploads\/2013\/03\/Askiko-logo.jpeg?resize=150%2C150&amp;ssl=1 150w, https:\/\/i0.wp.com\/www.askainen.fi\/portaali\/wp-content\/uploads\/2013\/03\/Askiko-logo.jpeg?resize=300%2C300&amp;ssl=1 300w\" sizes=\"auto, (max-width: 767px) 89vw, (max-width: 1000px) 54vw, (max-width: 1071px) 543px, 580px\" \/><\/figure>\n\n\n\n<p>Y- tunnus: 3048962-8<\/p>\n\n\n\n<p>S\u00e4hk\u00f6posti: <a href=\"mailto:askikory@gmail.com\">askikory@gmail.com<\/a><\/p>\n\n\n\n<p>Sosiaalinen media: Facebook: Askiko ry, Instagram: @askikory<\/p>\n\n\n\n<p>Yhteyshenkil\u00f6: Anniina Haimakka, puheenjohtaja<\/p>\n\n\n\n<p><\/p>\n","protected":false},"excerpt":{"rendered":"<p>Askaisten kyl\u00e4yhdistys ry. Y-tunnus: 2824956-1 S\u00e4hk\u00f6posti: aky@askainen.fi Nettisivut: askainen.fi Sosiaalinen media: Facebook: Askaisten kyl\u00e4yhdistys ry, Instagram: @askaistelaine Yhteyshenkil\u00f6: Erika Kivirinta, puheenjohtaja &nbsp; Maskun Vasemmistoliitto ry.\/ Askaisten ty\u00f6v\u00e4entalo&nbsp; Y-tunnus: 0934084-5 S\u00e4hk\u00f6posti: &hellip; <\/p>\n<p class=\"link-more\"><a href=\"https:\/\/www.askainen.fi\/portaali\/paikalliset-yhdistykset\" class=\"more-link\">Jatka lukemista<span class=\"screen-reader-text\"> &#8221;Paikalliset yhdistykset&#8221;<\/span><\/a><\/p>\n","protected":false},"author":272,"featured_media":0,"parent":0,"menu_order":0,"comment_status":"closed","ping_status":"closed","template":"","meta":{"footnotes":""},"class_list":["post-8870","page","type-page","status-publish","hentry"],"jetpack_sharing_enabled":true,"jetpack_likes_enabled":true,"_links":{"self":[{"href":"https:\/\/www.askainen.fi\/portaali\/wp-json\/wp\/v2\/pages\/8870","targetHints":{"allow":["GET"]}}],"collection":[{"href":"https:\/\/www.askainen.fi\/portaali\/wp-json\/wp\/v2\/pages"}],"about":[{"href":"https:\/\/www.askainen.fi\/portaali\/wp-json\/wp\/v2\/types\/page"}],"author":[{"embeddable":true,"href":"https:\/\/www.askainen.fi\/portaali\/wp-json\/wp\/v2\/users\/272"}],"replies":[{"embeddable":true,"href":"https:\/\/www.askainen.fi\/portaali\/wp-json\/wp\/v2\/comments?post=8870"}],"version-history":[{"count":10,"href":"https:\/\/www.askainen.fi\/portaali\/wp-json\/wp\/v2\/pages\/8870\/revisions"}],"predecessor-version":[{"id":8884,"href":"https:\/\/www.askainen.fi\/portaali\/wp-json\/wp\/v2\/pages\/8870\/revisions\/8884"}],"wp:attachment":[{"href":"https:\/\/www.askainen.fi\/portaali\/wp-json\/wp\/v2\/media?parent=8870"}],"curies":[{"name":"wp","href":"https:\/\/api.w.org\/{rel}","templated":true}]}}

<p></p>



<p id="block-f05842bc-73a9-4d68-adf7-94b0080e689e"><strong>Askaisten kyläyhdistys ry.</strong></p>



<figure class="wp-block-image is-resized" id="block-03507cfe-4d76-4f30-9bd6-94f961f9c114"><img data-recalc-dims="1" height="525" width="525" decoding="async" src="https://i0.wp.com/www.askainen.fi/portaali/wp-content/uploads/2015/09/cropped-akylogo-iso-1.png?resize=525%2C525&#038;ssl=1" alt="Tämän kuvan alt-attribuutti on tyhjä; Tiedoston nimi on cropped-akylogo-iso-1-1024x1024.png" style="width:85px"/></figure>



<p id="block-825521ca-5679-492e-9a4c-2253affb51cb">Y-tunnus: 2824956-1</p>



<p id="block-283c4eed-4288-4667-8195-cef479b48eae">Sähköposti: <a href="mailto:aky@askainen.fi">aky@askainen.fi</a></p>



<p id="block-d3e5ec8e-0db7-44ac-a156-11e5bd931cf7">Nettisivut: <a href="http://askainen.fi">askainen.fi</a></p>



<p id="block-c725c4cc-9330-4c9e-9285-a94e585957b1">Sosiaalinen media: Facebook: Askaisten kyläyhdistys ry, Instagram: @askaistelaine</p>



<p id="block-2ed973e3-7c19-4fbb-9323-4ebcd30fb627">Yhteyshenkilö: Erika Kivirinta, puheenjohtaja</p>



<p>&nbsp;</p>



<p><strong>Maskun Vasemmistoliitto ry./ Askaisten työväentalo&nbsp;</strong></p>



<figure class="wp-block-image size-full is-resized"><img data-recalc-dims="1" loading="lazy" decoding="async" width="153" height="144" data-attachment-id="8856" data-permalink="https://www.askainen.fi/portaali/?attachment_id=8856" data-orig-file="https://i0.wp.com/www.askainen.fi/portaali/wp-content/uploads/2025/12/331393871_1626747584436920_5075659548163570587_n.jpg?fit=153%2C144&amp;ssl=1" data-orig-size="153,144" data-comments-opened="0" data-image-meta="{&quot;aperture&quot;:&quot;0&quot;,&quot;credit&quot;:&quot;&quot;,&quot;camera&quot;:&quot;&quot;,&quot;caption&quot;:&quot;&quot;,&quot;created_timestamp&quot;:&quot;0&quot;,&quot;copyright&quot;:&quot;&quot;,&quot;focal_length&quot;:&quot;0&quot;,&quot;iso&quot;:&quot;0&quot;,&quot;shutter_speed&quot;:&quot;0&quot;,&quot;title&quot;:&quot;&quot;,&quot;orientation&quot;:&quot;0&quot;}" data-image-title="331393871_1626747584436920_5075659548163570587_n" data-image-description="" data-image-caption="" data-large-file="https://i0.wp.com/www.askainen.fi/portaali/wp-content/uploads/2025/12/331393871_1626747584436920_5075659548163570587_n.jpg?fit=153%2C144&amp;ssl=1" src="https://i0.wp.com/www.askainen.fi/portaali/wp-content/uploads/2025/12/331393871_1626747584436920_5075659548163570587_n.jpg?resize=153%2C144&#038;ssl=1" alt="" class="wp-image-8856" style="width:85px"/></figure>



<p>Y-tunnus: 0934084-5</p>



<p>Sähköposti: <a href="mailto:askaistentyovaentalo@gmail.com" target="_blank" rel="noreferrer noopener">askaistentyovaentalo@gmail.com</a></p>



<p>Nettisivut: <a href="http://askaistentyovaentalo.fi/" target="_blank" rel="noreferrer noopener">askaistentyovaentalo.fi</a></p>



<p>Sosiaalinen media: Facebook: Askaisten työväentalo&nbsp;</p>



<p>Yhteyshenkilö: Isto Virtanen</p>



<p>&nbsp;</p>



<p><strong>Askaisten Martat ry.</strong></p>



<figure class="wp-block-image size-full is-resized"><img data-recalc-dims="1" loading="lazy" decoding="async" width="225" height="225" data-attachment-id="8855" data-permalink="https://www.askainen.fi/portaali/?attachment_id=8855" data-orig-file="https://i0.wp.com/www.askainen.fi/portaali/wp-content/uploads/2025/12/images.png?fit=225%2C225&amp;ssl=1" data-orig-size="225,225" data-comments-opened="0" data-image-meta="{&quot;aperture&quot;:&quot;0&quot;,&quot;credit&quot;:&quot;&quot;,&quot;camera&quot;:&quot;&quot;,&quot;caption&quot;:&quot;&quot;,&quot;created_timestamp&quot;:&quot;0&quot;,&quot;copyright&quot;:&quot;&quot;,&quot;focal_length&quot;:&quot;0&quot;,&quot;iso&quot;:&quot;0&quot;,&quot;shutter_speed&quot;:&quot;0&quot;,&quot;title&quot;:&quot;&quot;,&quot;orientation&quot;:&quot;0&quot;}" data-image-title="images" data-image-description="" data-image-caption="" data-large-file="https://i0.wp.com/www.askainen.fi/portaali/wp-content/uploads/2025/12/images.png?fit=225%2C225&amp;ssl=1" src="https://i0.wp.com/www.askainen.fi/portaali/wp-content/uploads/2025/12/images.png?resize=225%2C225&#038;ssl=1" alt="" class="wp-image-8855" style="width:85px" srcset="https://i0.wp.com/www.askainen.fi/portaali/wp-content/uploads/2025/12/images.png?w=225&amp;ssl=1 225w, https://i0.wp.com/www.askainen.fi/portaali/wp-content/uploads/2025/12/images.png?resize=150%2C150&amp;ssl=1 150w, https://i0.wp.com/www.askainen.fi/portaali/wp-content/uploads/2025/12/images.png?resize=100%2C100&amp;ssl=1 100w" sizes="auto, (max-width: 225px) 100vw, 225px" /></figure>



<p>Y-tunnus 1012983-6</p>



<p>Sähköposti: &nbsp;<a href="mailto:askaistenmartat@gmail.com" target="_blank" rel="noreferrer noopener">askaistenmartat@gmail.com</a></p>



<p>Nettisivut: &nbsp;<a href="http://askaistenmartat.marttayhdistys.fi/" target="_blank" rel="noreferrer noopener">askaistenmartat.marttayhdistys.fi</a></p>



<p>Sosiaalinen media: Facebook: Askaisten Martat&nbsp;</p>



<p>Yhteyshenkilö: Taina Dahlgren, &nbsp;<a href="mailto:taina.t.dahlgren@gmail.com" target="_blank" rel="noreferrer noopener">taina.t.dahlgren@gmail.com</a></p>



<p>&nbsp;</p>



<p><strong>Askaisten koulun vanhempainyhdistys ry.</strong></p>



<figure class="wp-block-image size-full is-resized"><img data-recalc-dims="1" loading="lazy" decoding="async" width="525" height="524" data-attachment-id="845" data-permalink="https://www.askainen.fi/portaali/yhdistykset/askiko-ry/askiko-logo" data-orig-file="https://i0.wp.com/www.askainen.fi/portaali/wp-content/uploads/2013/03/Askiko-logo.jpeg?fit=961%2C960&amp;ssl=1" data-orig-size="961,960" data-comments-opened="1" data-image-meta="{&quot;aperture&quot;:&quot;0&quot;,&quot;credit&quot;:&quot;&quot;,&quot;camera&quot;:&quot;&quot;,&quot;caption&quot;:&quot;&quot;,&quot;created_timestamp&quot;:&quot;0&quot;,&quot;copyright&quot;:&quot;&quot;,&quot;focal_length&quot;:&quot;0&quot;,&quot;iso&quot;:&quot;0&quot;,&quot;shutter_speed&quot;:&quot;0&quot;,&quot;title&quot;:&quot;&quot;,&quot;orientation&quot;:&quot;0&quot;}" data-image-title="Askiko logo" data-image-description="" data-image-caption="" data-large-file="https://i0.wp.com/www.askainen.fi/portaali/wp-content/uploads/2013/03/Askiko-logo.jpeg?fit=525%2C524&amp;ssl=1" src="https://i0.wp.com/www.askainen.fi/portaali/wp-content/uploads/2013/03/Askiko-logo.jpeg?resize=525%2C524&#038;ssl=1" alt="" class="wp-image-845" style="aspect-ratio:1.0010443015943005;object-fit:cover;width:85px" srcset="https://i0.wp.com/www.askainen.fi/portaali/wp-content/uploads/2013/03/Askiko-logo.jpeg?w=961&amp;ssl=1 961w, https://i0.wp.com/www.askainen.fi/portaali/wp-content/uploads/2013/03/Askiko-logo.jpeg?resize=250%2C250&amp;ssl=1 250w, https://i0.wp.com/www.askainen.fi/portaali/wp-content/uploads/2013/03/Askiko-logo.jpeg?resize=100%2C100&amp;ssl=1 100w, https://i0.wp.com/www.askainen.fi/portaali/wp-content/uploads/2013/03/Askiko-logo.jpeg?resize=350%2C350&amp;ssl=1 350w, https://i0.wp.com/www.askainen.fi/portaali/wp-content/uploads/2013/03/Askiko-logo.jpeg?resize=150%2C150&amp;ssl=1 150w, https://i0.wp.com/www.askainen.fi/portaali/wp-content/uploads/2013/03/Askiko-logo.jpeg?resize=300%2C300&amp;ssl=1 300w" sizes="auto, (max-width: 767px) 89vw, (max-width: 1000px) 54vw, (max-width: 1071px) 543px, 580px" /></figure>



<p>Y- tunnus: 3048962-8</p>



<p>Sähköposti: <a href="mailto:askikory@gmail.com">askikory@gmail.com</a></p>



<p>Sosiaalinen media: Facebook: Askiko ry, Instagram: @askikory</p>



<p>Yhteyshenkilö: Anniina Haimakka, puheenjohtaja</p>



<p></p>

<p>Askaisten kyläyhdistys ry. Y-tunnus: 2824956-1 Sähköposti: aky@askainen.fi Nettisivut: askainen.fi Sosiaalinen media: Facebook: Askaisten kyläyhdistys ry, Instagram: @askaistelaine Yhteyshenkilö: Erika Kivirinta, puheenjohtaja &nbsp; Maskun Vasemmistoliitto ry./ Askaisten työväentalo&nbsp; Y-tunnus: 0934084-5 Sähköposti: &hellip; </p>
<p class="link-more"><a href="https://www.askainen.fi/portaali/paikalliset-yhdistykset" class="more-link">Jatka lukemista<span class="screen-reader-text"> &#8221;Paikalliset yhdistykset&#8221;</span></a></p>
