{"id":882,"date":"2013-04-07T12:05:08","date_gmt":"2013-04-07T09:05:08","guid":{"rendered":"http:\/\/www.askainen.fi\/portaali\/?page_id=882"},"modified":"2025-06-27T09:27:54","modified_gmt":"2025-06-27T06:27:54","slug":"louhisaaren-reservilaiset-ry","status":"publish","type":"page","link":"https:\/\/www.askainen.fi\/portaali\/yhdistykset\/louhisaaren-reservilaiset-ry","title":{"rendered":"Louhisaaren Reservil\u00e4iset ry"},"content":{"rendered":"<h3>Kaikki samassa korsussa, eik\u00e4 ket\u00e4\u00e4n pakoteta osallistumaan rauhan aikana mihink\u00e4\u00e4n.<\/h3>\n<p><a href=\"http:\/\/www.askainen.fi\/portaali\/yhdistykset\/louhisaaren-reservilaiset-ry\/res\" rel=\"attachment wp-att-889\"><img data-recalc-dims=\"1\" loading=\"lazy\" decoding=\"async\" data-attachment-id=\"889\" data-permalink=\"https:\/\/www.askainen.fi\/portaali\/yhdistykset\/louhisaaren-reservilaiset-ry\/res\" data-orig-file=\"https:\/\/i0.wp.com\/www.askainen.fi\/portaali\/wp-content\/uploads\/2013\/04\/RES.jpg?fit=138%2C137&amp;ssl=1\" data-orig-size=\"138,137\" data-comments-opened=\"1\" data-image-meta=\"{&quot;aperture&quot;:&quot;0&quot;,&quot;credit&quot;:&quot;&quot;,&quot;camera&quot;:&quot;&quot;,&quot;caption&quot;:&quot;&quot;,&quot;created_timestamp&quot;:&quot;0&quot;,&quot;copyright&quot;:&quot;&quot;,&quot;focal_length&quot;:&quot;0&quot;,&quot;iso&quot;:&quot;0&quot;,&quot;shutter_speed&quot;:&quot;0&quot;,&quot;title&quot;:&quot;&quot;,&quot;orientation&quot;:&quot;0&quot;}\" data-image-title=\"RES\" data-image-description=\"\" data-image-caption=\"\" data-large-file=\"https:\/\/i0.wp.com\/www.askainen.fi\/portaali\/wp-content\/uploads\/2013\/04\/RES.jpg?fit=138%2C137&amp;ssl=1\" class=\"alignleft size-full wp-image-889\" style=\"margin: 15px;\" src=\"https:\/\/i0.wp.com\/www.askainen.fi\/portaali\/wp-content\/uploads\/2013\/04\/RES.jpg?resize=138%2C137\" alt=\"RES\" width=\"138\" height=\"137\" srcset=\"https:\/\/i0.wp.com\/www.askainen.fi\/portaali\/wp-content\/uploads\/2013\/04\/RES.jpg?w=138&amp;ssl=1 138w, https:\/\/i0.wp.com\/www.askainen.fi\/portaali\/wp-content\/uploads\/2013\/04\/RES.jpg?resize=100%2C100&amp;ssl=1 100w\" sizes=\"auto, (max-width: 138px) 100vw, 138px\" \/><\/a><\/p>\n<p>&nbsp;<\/p>\n<p>Meid\u00e4n toimintamme perustuu vapaaehtoisuuteen, mutta kannamme toki vastuumme\u00a0kansalaisten maanpuolustushengen ja -kunnon kohottamisessa ja yll\u00e4pit\u00e4misess\u00e4.<\/p>\n<p>Maskulaisten reservil\u00e4isten keskuudessa jo pitk\u00e4\u00e4n it\u00e4nyt asia oman reservil\u00e4isyhdistyksen perustamisesta toteutui vihdoin torstaina 29.9.2011. Yhdistyksen\u00a0teht\u00e4v\u00e4n\u00e4 on mm. ohjata ja tukea j\u00e4sentens\u00e4 toimintaa sek\u00e4 tiedottaa mahdollisuuksista vapaaehtoisen maanpuolustuksen hyv\u00e4ksi.<\/p>\n<p>Yhdistyksen teht\u00e4viin kuuluu paikallisten veteraaniyhdistysten avustaminen erilaisissa teht\u00e4viss\u00e4, kunniavartiot sankarihaudoilla ja Ritaripuiston vaatimat teht\u00e4v\u00e4t.<\/p>\n<h6 class=\"c-contact__title\">puheenjohtaja<\/h6>\n<h5 class=\"c-contact__name\">Miikka Lahtinen<\/h5>\n<p><strong>Louhisaaren Reservil\u00e4iset ry<br \/>\n<\/strong><strong>Kurittulantie 20<br \/>\n<\/strong><strong>21250 Masku<\/strong><\/p>\n<p><a href=\"mailto:louhisaaren.reservilaiset@gmail.com\">louhisaaren.reservilaiset@gmail.com<\/a><\/p>\n<p><a title=\"Louhisaaren Reservil\u00e4iset ry\" href=\"https:\/\/louhisaaren-reservilaiset.reservilaisliitto.fi\/\" target=\"_blank\" rel=\"noopener\">Kotisivut<\/a><\/p>\n<p>&nbsp;<\/p>\n","protected":false},"excerpt":{"rendered":"<p>Kaikki samassa korsussa, eik\u00e4 ket\u00e4\u00e4n pakoteta osallistumaan rauhan aikana mihink\u00e4\u00e4n. &nbsp; Meid\u00e4n toimintamme perustuu vapaaehtoisuuteen, mutta kannamme toki vastuumme\u00a0kansalaisten maanpuolustushengen ja -kunnon kohottamisessa ja yll\u00e4pit\u00e4misess\u00e4. Maskulaisten reservil\u00e4isten keskuudessa jo pitk\u00e4\u00e4n &hellip; <\/p>\n<p class=\"link-more\"><a href=\"https:\/\/www.askainen.fi\/portaali\/yhdistykset\/louhisaaren-reservilaiset-ry\" class=\"more-link\">Jatka lukemista<span class=\"screen-reader-text\"> &#8221;Louhisaaren Reservil\u00e4iset ry&#8221;<\/span><\/a><\/p>\n","protected":false},"author":1,"featured_media":0,"parent":17,"menu_order":4,"comment_status":"open","ping_status":"closed","template":"","meta":{"footnotes":""},"class_list":["post-882","page","type-page","status-publish","hentry"],"jetpack_sharing_enabled":true,"jetpack_likes_enabled":true,"_links":{"self":[{"href":"https:\/\/www.askainen.fi\/portaali\/wp-json\/wp\/v2\/pages\/882","targetHints":{"allow":["GET"]}}],"collection":[{"href":"https:\/\/www.askainen.fi\/portaali\/wp-json\/wp\/v2\/pages"}],"about":[{"href":"https:\/\/www.askainen.fi\/portaali\/wp-json\/wp\/v2\/types\/page"}],"author":[{"embeddable":true,"href":"https:\/\/www.askainen.fi\/portaali\/wp-json\/wp\/v2\/users\/1"}],"replies":[{"embeddable":true,"href":"https:\/\/www.askainen.fi\/portaali\/wp-json\/wp\/v2\/comments?post=882"}],"version-history":[{"count":1,"href":"https:\/\/www.askainen.fi\/portaali\/wp-json\/wp\/v2\/pages\/882\/revisions"}],"predecessor-version":[{"id":8771,"href":"https:\/\/www.askainen.fi\/portaali\/wp-json\/wp\/v2\/pages\/882\/revisions\/8771"}],"up":[{"embeddable":true,"href":"https:\/\/www.askainen.fi\/portaali\/wp-json\/wp\/v2\/pages\/17"}],"wp:attachment":[{"href":"https:\/\/www.askainen.fi\/portaali\/wp-json\/wp\/v2\/media?parent=882"}],"curies":[{"name":"wp","href":"https:\/\/api.w.org\/{rel}","templated":true}]}}

Louhisaaren Reserviläiset ry

<h3>Kaikki samassa korsussa, eikä ketään pakoteta osallistumaan rauhan aikana mihinkään.</h3>
<p><a href="http://www.askainen.fi/portaali/yhdistykset/louhisaaren-reservilaiset-ry/res" rel="attachment wp-att-889"><img data-recalc-dims="1" loading="lazy" decoding="async" data-attachment-id="889" data-permalink="https://www.askainen.fi/portaali/yhdistykset/louhisaaren-reservilaiset-ry/res" data-orig-file="https://i0.wp.com/www.askainen.fi/portaali/wp-content/uploads/2013/04/RES.jpg?fit=138%2C137&amp;ssl=1" data-orig-size="138,137" data-comments-opened="1" data-image-meta="{&quot;aperture&quot;:&quot;0&quot;,&quot;credit&quot;:&quot;&quot;,&quot;camera&quot;:&quot;&quot;,&quot;caption&quot;:&quot;&quot;,&quot;created_timestamp&quot;:&quot;0&quot;,&quot;copyright&quot;:&quot;&quot;,&quot;focal_length&quot;:&quot;0&quot;,&quot;iso&quot;:&quot;0&quot;,&quot;shutter_speed&quot;:&quot;0&quot;,&quot;title&quot;:&quot;&quot;,&quot;orientation&quot;:&quot;0&quot;}" data-image-title="RES" data-image-description="" data-image-caption="" data-large-file="https://i0.wp.com/www.askainen.fi/portaali/wp-content/uploads/2013/04/RES.jpg?fit=138%2C137&amp;ssl=1" class="alignleft size-full wp-image-889" style="margin: 15px;" src="https://i0.wp.com/www.askainen.fi/portaali/wp-content/uploads/2013/04/RES.jpg?resize=138%2C137" alt="RES" width="138" height="137" srcset="https://i0.wp.com/www.askainen.fi/portaali/wp-content/uploads/2013/04/RES.jpg?w=138&amp;ssl=1 138w, https://i0.wp.com/www.askainen.fi/portaali/wp-content/uploads/2013/04/RES.jpg?resize=100%2C100&amp;ssl=1 100w" sizes="auto, (max-width: 138px) 100vw, 138px" /></a></p>
<p>&nbsp;</p>
<p>Meidän toimintamme perustuu vapaaehtoisuuteen, mutta kannamme toki vastuumme kansalaisten maanpuolustushengen ja -kunnon kohottamisessa ja ylläpitämisessä.</p>
<p>Maskulaisten reserviläisten keskuudessa jo pitkään itänyt asia oman reserviläisyhdistyksen perustamisesta toteutui vihdoin torstaina 29.9.2011. Yhdistyksen tehtävänä on mm. ohjata ja tukea jäsentensä toimintaa sekä tiedottaa mahdollisuuksista vapaaehtoisen maanpuolustuksen hyväksi.</p>
<p>Yhdistyksen tehtäviin kuuluu paikallisten veteraaniyhdistysten avustaminen erilaisissa tehtävissä, kunniavartiot sankarihaudoilla ja Ritaripuiston vaatimat tehtävät.</p>
<h6 class="c-contact__title">puheenjohtaja</h6>
<h5 class="c-contact__name">Miikka Lahtinen</h5>
<p><strong>Louhisaaren Reserviläiset ry<br />
</strong><strong>Kurittulantie 20<br />
</strong><strong>21250 Masku</strong></p>
<p><a href="mailto:louhisaaren.reservilaiset@gmail.com">louhisaaren.reservilaiset@gmail.com</a></p>
<p><a title="Louhisaaren Reserviläiset ry" href="https://louhisaaren-reservilaiset.reservilaisliitto.fi/" target="_blank" rel="noopener">Kotisivut</a></p>
<p>&nbsp;</p>

<p>Kaikki samassa korsussa, eikä ketään pakoteta osallistumaan rauhan aikana mihinkään. &nbsp; Meidän toimintamme perustuu vapaaehtoisuuteen, mutta kannamme toki vastuumme kansalaisten maanpuolustushengen ja -kunnon kohottamisessa ja ylläpitämisessä. Maskulaisten reserviläisten keskuudessa jo pitkään &hellip; </p>
<p class="link-more"><a href="https://www.askainen.fi/portaali/yhdistykset/louhisaaren-reservilaiset-ry" class="more-link">Jatka lukemista<span class="screen-reader-text"> &#8221;Louhisaaren Reserviläiset ry&#8221;</span></a></p>
