{"id":805,"date":"2013-02-28T09:46:23","date_gmt":"2013-02-28T07:46:23","guid":{"rendered":"http:\/\/www.askainen.fi\/portaali\/?page_id=805"},"modified":"2020-05-15T18:15:05","modified_gmt":"2020-05-15T15:15:05","slug":"askainen","status":"publish","type":"page","link":"https:\/\/www.askainen.fi\/portaali\/nahtavyydet\/askainen","title":{"rendered":"Askainen"},"content":{"rendered":"<p>Askainen (<a href=\"http:\/\/fi.wikipedia.org\/wiki\/Ruotsin_kieli\">ruots.<\/a>\u00a0Villn\u00e4s) on\u00a0<a href=\"http:\/\/fi.wikipedia.org\/wiki\/Luettelo_Suomen_entisist%C3%A4_kunnista\">entinen Suomen kunta<\/a>, joka nyky\u00e4\u00e4n on osa\u00a0<a href=\"http:\/\/fi.wikipedia.org\/wiki\/Masku\">Maskua<\/a>\u00a0<a href=\"http:\/\/fi.wikipedia.org\/wiki\/Varsinais-Suomen_maakunta\">Varsinais-Suomen maakunnassa<\/a>. Askaisten ja\u00a0<a href=\"http:\/\/fi.wikipedia.org\/wiki\/Lemu\">Lemun<\/a>\u00a0kunta liittyiv\u00e4t Maskuun 1. tammikuuta 2009. Uuden kunnan vaakunaksi valittiin aiempi Askaisten vaakuna.<\/p>\n<p>T\u00e4n\u00e4 p\u00e4iv\u00e4n\u00e4 Askainen on vire\u00e4 maaseututaajama, jonka asukkaat haluavat el\u00e4\u00e4 v\u00e4lj\u00e4sti maaseudun rauhassa.<\/p>\n<p>Lis\u00e4tietoja <a href=\"https:\/\/fi.wikipedia.org\/wiki\/Askainen\">Askaisista<\/a> kertoo Wikipedia<\/p>\n\n\n<h2 class=\"wp-block-heading\">Kalaperunoita askaislaiseen tapaan<\/h2>\n\n\n\n<p>Jaakko Kolmonen ja Sirkka Gustafsson vierailivat 6.9.1988 Askaisissa. Hilkka Isoj\u00e4rvi valmistaa kalaperunoita askaislaiseen tapaan. Tapani Ver\u00e4j\u00e4nkorva kertoo avomaan kurkkujen viljelyst\u00e4. <br><br>Katso jakso <a rel=\"noreferrer noopener\" href=\"https:\/\/areena.yle.fi\/1-4477151\" target=\"_blank\">Yle Areenasta<\/a><\/p>\n","protected":false},"excerpt":{"rendered":"<p>Askainen (ruots.\u00a0Villn\u00e4s) on\u00a0entinen Suomen kunta, joka nyky\u00e4\u00e4n on osa\u00a0Maskua\u00a0Varsinais-Suomen maakunnassa. Askaisten ja\u00a0Lemun\u00a0kunta liittyiv\u00e4t Maskuun 1. tammikuuta 2009. Uuden kunnan vaakunaksi valittiin aiempi Askaisten vaakuna. T\u00e4n\u00e4 p\u00e4iv\u00e4n\u00e4 Askainen on vire\u00e4 maaseututaajama, &hellip; <\/p>\n<p class=\"link-more\"><a href=\"https:\/\/www.askainen.fi\/portaali\/nahtavyydet\/askainen\" class=\"more-link\">Jatka lukemista<span class=\"screen-reader-text\"> &#8221;Askainen&#8221;<\/span><\/a><\/p>\n","protected":false},"author":1,"featured_media":0,"parent":27,"menu_order":1,"comment_status":"closed","ping_status":"closed","template":"","meta":{"footnotes":""},"class_list":["post-805","page","type-page","status-publish","hentry"],"jetpack_sharing_enabled":true,"jetpack_likes_enabled":true,"_links":{"self":[{"href":"https:\/\/www.askainen.fi\/portaali\/wp-json\/wp\/v2\/pages\/805","targetHints":{"allow":["GET"]}}],"collection":[{"href":"https:\/\/www.askainen.fi\/portaali\/wp-json\/wp\/v2\/pages"}],"about":[{"href":"https:\/\/www.askainen.fi\/portaali\/wp-json\/wp\/v2\/types\/page"}],"author":[{"embeddable":true,"href":"https:\/\/www.askainen.fi\/portaali\/wp-json\/wp\/v2\/users\/1"}],"replies":[{"embeddable":true,"href":"https:\/\/www.askainen.fi\/portaali\/wp-json\/wp\/v2\/comments?post=805"}],"version-history":[{"count":0,"href":"https:\/\/www.askainen.fi\/portaali\/wp-json\/wp\/v2\/pages\/805\/revisions"}],"up":[{"embeddable":true,"href":"https:\/\/www.askainen.fi\/portaali\/wp-json\/wp\/v2\/pages\/27"}],"wp:attachment":[{"href":"https:\/\/www.askainen.fi\/portaali\/wp-json\/wp\/v2\/media?parent=805"}],"curies":[{"name":"wp","href":"https:\/\/api.w.org\/{rel}","templated":true}]}}