{"id":19,"date":"2012-10-18T17:25:00","date_gmt":"2012-10-18T14:25:00","guid":{"rendered":"http:\/\/www.askainen.fi\/portaali\/?page_id=19"},"modified":"2020-11-11T16:41:20","modified_gmt":"2020-11-11T14:41:20","slug":"yritykset","status":"publish","type":"page","link":"https:\/\/www.askainen.fi\/portaali\/yritykset","title":{"rendered":"Yritykset Askaisissa"},"content":{"rendered":"<p>Hakemiston yritykset ovat askastelaisia tai yritt\u00e4j\u00e4t asuvat Askaisissa. Halutessanne oman yrityksenne tiedot n\u00e4kyville, ottakaa yhteytt\u00e4 <a href=\"mailto:aky@askainen.fi?subject=Lis\u00e4tk\u00e4\u00e4 yritykseni tiedot Kyl\u00e4portaalin Yritykset-sivulle\">aky@askainen.fi<\/a><\/p>\n<p>HUOM! Kaikissa yrityksiss\u00e4 ei ole annettuna s\u00e4hk\u00f6postiosoitetta, joten s\u00e4hk\u00f6inen lomake sen vuoksi poissa k\u00e4yt\u00f6st\u00e4.<\/p>\n<p><tt><\/tt><\/p>\n\n\n<p><\/p>\n","protected":false},"excerpt":{"rendered":"<p>Hakemiston yritykset ovat askastelaisia tai yritt\u00e4j\u00e4t asuvat Askaisissa. Halutessanne oman yrityksenne tiedot n\u00e4kyville, ottakaa yhteytt\u00e4 aky@askainen.fi HUOM! Kaikissa yrityksiss\u00e4 ei ole annettuna s\u00e4hk\u00f6postiosoitetta, joten s\u00e4hk\u00f6inen lomake sen vuoksi poissa k\u00e4yt\u00f6st\u00e4.<\/p>\n","protected":false},"author":1,"featured_media":0,"parent":0,"menu_order":5,"comment_status":"closed","ping_status":"closed","template":"","meta":{"footnotes":""},"class_list":["post-19","page","type-page","status-publish","hentry"],"jetpack_sharing_enabled":true,"jetpack_likes_enabled":true,"_links":{"self":[{"href":"https:\/\/www.askainen.fi\/portaali\/wp-json\/wp\/v2\/pages\/19","targetHints":{"allow":["GET"]}}],"collection":[{"href":"https:\/\/www.askainen.fi\/portaali\/wp-json\/wp\/v2\/pages"}],"about":[{"href":"https:\/\/www.askainen.fi\/portaali\/wp-json\/wp\/v2\/types\/page"}],"author":[{"embeddable":true,"href":"https:\/\/www.askainen.fi\/portaali\/wp-json\/wp\/v2\/users\/1"}],"replies":[{"embeddable":true,"href":"https:\/\/www.askainen.fi\/portaali\/wp-json\/wp\/v2\/comments?post=19"}],"version-history":[{"count":0,"href":"https:\/\/www.askainen.fi\/portaali\/wp-json\/wp\/v2\/pages\/19\/revisions"}],"wp:attachment":[{"href":"https:\/\/www.askainen.fi\/portaali\/wp-json\/wp\/v2\/media?parent=19"}],"curies":[{"name":"wp","href":"https:\/\/api.w.org\/{rel}","templated":true}]}}