{"id":1856,"date":"2017-01-31T20:51:19","date_gmt":"2017-01-31T18:51:19","guid":{"rendered":"http:\/\/www.askainen.fi\/portaali\/?page_id=1856"},"modified":"2017-05-24T10:14:31","modified_gmt":"2017-05-24T07:14:31","slug":"masku","status":"publish","type":"page","link":"https:\/\/www.askainen.fi\/portaali\/masku","title":{"rendered":"Maskun kunta"},"content":{"rendered":"<h2><span style=\"color: #000000;\">Masku on Varsinais-Suomen syd\u00e4mess\u00e4<\/span><\/h2>\n<p>Masku on viihtyis\u00e4 kunta Varsinais-Suomessa. Sen naapureita ovat muun muassa Naantali, Nousiainen ja Raisio. Turkuun on vain vartin ajomatka.<\/p>\n<p><a href=\"https:\/\/i0.wp.com\/www.askainen.fi\/portaali\/wp-content\/uploads\/2017\/01\/masku_icon.png\"><img data-recalc-dims=\"1\" loading=\"lazy\" decoding=\"async\" data-attachment-id=\"1857\" data-permalink=\"https:\/\/www.askainen.fi\/portaali\/masku\/masku_icon\" data-orig-file=\"https:\/\/i0.wp.com\/www.askainen.fi\/portaali\/wp-content\/uploads\/2017\/01\/masku_icon.png?fit=300%2C300&amp;ssl=1\" data-orig-size=\"300,300\" data-comments-opened=\"0\" data-image-meta=\"{&quot;aperture&quot;:&quot;0&quot;,&quot;credit&quot;:&quot;&quot;,&quot;camera&quot;:&quot;&quot;,&quot;caption&quot;:&quot;&quot;,&quot;created_timestamp&quot;:&quot;0&quot;,&quot;copyright&quot;:&quot;&quot;,&quot;focal_length&quot;:&quot;0&quot;,&quot;iso&quot;:&quot;0&quot;,&quot;shutter_speed&quot;:&quot;0&quot;,&quot;title&quot;:&quot;&quot;,&quot;orientation&quot;:&quot;0&quot;}\" data-image-title=\"masku_icon\" data-image-description=\"\" data-image-caption=\"\" data-large-file=\"https:\/\/i0.wp.com\/www.askainen.fi\/portaali\/wp-content\/uploads\/2017\/01\/masku_icon.png?fit=300%2C300&amp;ssl=1\" class=\"alignleft size-thumbnail wp-image-1857\" src=\"https:\/\/i0.wp.com\/www.askainen.fi\/portaali\/wp-content\/uploads\/2017\/01\/masku_icon-150x150.png?resize=150%2C150\" alt=\"\" width=\"150\" height=\"150\" srcset=\"https:\/\/i0.wp.com\/www.askainen.fi\/portaali\/wp-content\/uploads\/2017\/01\/masku_icon.png?resize=150%2C150&amp;ssl=1 150w, https:\/\/i0.wp.com\/www.askainen.fi\/portaali\/wp-content\/uploads\/2017\/01\/masku_icon.png?resize=250%2C250&amp;ssl=1 250w, https:\/\/i0.wp.com\/www.askainen.fi\/portaali\/wp-content\/uploads\/2017\/01\/masku_icon.png?resize=100%2C100&amp;ssl=1 100w, https:\/\/i0.wp.com\/www.askainen.fi\/portaali\/wp-content\/uploads\/2017\/01\/masku_icon.png?w=300&amp;ssl=1 300w\" sizes=\"auto, (max-width: 150px) 100vw, 150px\" \/><\/a>Maskun maiseman tunnuspiirteit\u00e4 ovat rehev\u00e4 kasvillisuus ja vehmaat lehtomets\u00e4t. Maskussa on asukasta kohti yli kuusi metri\u00e4 meren rantaa.<\/p>\n<p>Asukasluvun tasainen kasvu kuvaa parhaiten Maskun arvostusta kotikuntana.<\/p>\n<h2><span style=\"color: #000000;\">Maskun kunta<\/span><\/h2>\n<p>Maskun kunta on perustettu vuonna 1870.<\/p>\n<p>Masku on kuitenkin paljon vanhempi. Maskun historia ulottuu varhaisimman kirjallisen tiedon mukaan vuodelle 1232, jolloin pit\u00e4j\u00e4n nimi on ensimm\u00e4isen kerran mainittu paavi Gregorius IX kirjeess\u00e4, jossa paavi lahjoitti maa-alueita seurakunnalle.<\/p>\n<p>N\u00e4in Masku vietti 780-vuotisjuhlia vuonna 2012.<\/p>\n<h2><span style=\"color: #000000;\">Maskun vaakuna<\/span><\/h2>\n<p><a href=\"https:\/\/i0.wp.com\/www.askainen.fi\/portaali\/wp-content\/uploads\/2017\/01\/vaakunakyltti-150x150.jpg\"><img data-recalc-dims=\"1\" loading=\"lazy\" decoding=\"async\" data-attachment-id=\"1858\" data-permalink=\"https:\/\/www.askainen.fi\/portaali\/masku\/vaakunakyltti-150x150\" data-orig-file=\"https:\/\/i0.wp.com\/www.askainen.fi\/portaali\/wp-content\/uploads\/2017\/01\/vaakunakyltti-150x150.jpg?fit=150%2C150&amp;ssl=1\" data-orig-size=\"150,150\" data-comments-opened=\"0\" data-image-meta=\"{&quot;aperture&quot;:&quot;0&quot;,&quot;credit&quot;:&quot;&quot;,&quot;camera&quot;:&quot;&quot;,&quot;caption&quot;:&quot;&quot;,&quot;created_timestamp&quot;:&quot;0&quot;,&quot;copyright&quot;:&quot;&quot;,&quot;focal_length&quot;:&quot;0&quot;,&quot;iso&quot;:&quot;0&quot;,&quot;shutter_speed&quot;:&quot;0&quot;,&quot;title&quot;:&quot;&quot;,&quot;orientation&quot;:&quot;0&quot;}\" data-image-title=\"vaakunakyltti-150&amp;#215;150\" data-image-description=\"\" data-image-caption=\"\" data-large-file=\"https:\/\/i0.wp.com\/www.askainen.fi\/portaali\/wp-content\/uploads\/2017\/01\/vaakunakyltti-150x150.jpg?fit=150%2C150&amp;ssl=1\" class=\"alignleft size-full wp-image-1858\" src=\"https:\/\/i0.wp.com\/www.askainen.fi\/portaali\/wp-content\/uploads\/2017\/01\/vaakunakyltti-150x150.jpg?resize=150%2C150\" alt=\"\" width=\"150\" height=\"150\" srcset=\"https:\/\/i0.wp.com\/www.askainen.fi\/portaali\/wp-content\/uploads\/2017\/01\/vaakunakyltti-150x150.jpg?resize=150%2C150&amp;ssl=1 150w, https:\/\/i0.wp.com\/www.askainen.fi\/portaali\/wp-content\/uploads\/2017\/01\/vaakunakyltti-150x150.jpg?resize=100%2C100&amp;ssl=1 100w\" sizes=\"auto, (max-width: 150px) 100vw, 150px\" \/><\/a>Punaisessa kent\u00e4ss\u00e4 ristikk\u00e4in kaksi hopeista marsalkansauvaa, joiden p\u00e4\u00e4tehelat kultaa; sauvojen saatteena nelj\u00e4 kulta-apilaa.<\/p>\n<p>Tunnukset viittaavat marsalkka Mannerheimiin ja h\u00e4nen syntym\u00e4kotiinsa, Louhisaaren kartanoon sek\u00e4 maatalouteen. Vaakuna on entisen Askaisten kunnan vaakuna, joka valittiin uuden kuntaliitoksen j\u00e4lkeisen Maskun uudeksi vaakunaksi.<\/p>\n<p>Vaakunan on suunnitellut Gustaf von Numers vuonna 1967.<\/p>\n<p>Lis\u00e4tietoja Maskusta <a href=\"http:\/\/www.masku.fi\">kunnan kotisivuilta<\/a> ja <a href=\"https:\/\/fi.wikipedia.org\/wiki\/Masku\">Wikipediasta<\/a><\/p>\n<p>Maskun kunnan tiedotuslehti <a href=\"http:\/\/www.masku.fi\/maskulainen\/\">Maskulainen<\/a><\/p>\n","protected":false},"excerpt":{"rendered":"<p>Masku on Varsinais-Suomen syd\u00e4mess\u00e4 Masku on viihtyis\u00e4 kunta Varsinais-Suomessa. Sen naapureita ovat muun muassa Naantali, Nousiainen ja Raisio. Turkuun on vain vartin ajomatka. Maskun maiseman tunnuspiirteit\u00e4 ovat rehev\u00e4 kasvillisuus ja &hellip; <\/p>\n<p class=\"link-more\"><a href=\"https:\/\/www.askainen.fi\/portaali\/masku\" class=\"more-link\">Jatka lukemista<span class=\"screen-reader-text\"> &#8221;Maskun kunta&#8221;<\/span><\/a><\/p>\n","protected":false},"author":1,"featured_media":0,"parent":0,"menu_order":0,"comment_status":"closed","ping_status":"closed","template":"","meta":{"footnotes":""},"class_list":["post-1856","page","type-page","status-publish","hentry"],"jetpack_sharing_enabled":true,"jetpack_likes_enabled":true,"_links":{"self":[{"href":"https:\/\/www.askainen.fi\/portaali\/wp-json\/wp\/v2\/pages\/1856","targetHints":{"allow":["GET"]}}],"collection":[{"href":"https:\/\/www.askainen.fi\/portaali\/wp-json\/wp\/v2\/pages"}],"about":[{"href":"https:\/\/www.askainen.fi\/portaali\/wp-json\/wp\/v2\/types\/page"}],"author":[{"embeddable":true,"href":"https:\/\/www.askainen.fi\/portaali\/wp-json\/wp\/v2\/users\/1"}],"replies":[{"embeddable":true,"href":"https:\/\/www.askainen.fi\/portaali\/wp-json\/wp\/v2\/comments?post=1856"}],"version-history":[{"count":0,"href":"https:\/\/www.askainen.fi\/portaali\/wp-json\/wp\/v2\/pages\/1856\/revisions"}],"wp:attachment":[{"href":"https:\/\/www.askainen.fi\/portaali\/wp-json\/wp\/v2\/media?parent=1856"}],"curies":[{"name":"wp","href":"https:\/\/api.w.org\/{rel}","templated":true}]}}