{"id":17,"date":"2012-10-18T17:24:53","date_gmt":"2012-10-18T14:24:53","guid":{"rendered":"http:\/\/www.askainen.fi\/portaali\/?page_id=17"},"modified":"2025-01-13T12:34:59","modified_gmt":"2025-01-13T10:34:59","slug":"yhdistykset","status":"publish","type":"page","link":"https:\/\/www.askainen.fi\/portaali\/yhdistykset","title":{"rendered":"Yhdistykset"},"content":{"rendered":"<h3>Askaisissa viihtyy hyvin. Kaikkien aktiviteettien ja harrastusten vuoksi ei tarvitse kauas l\u00e4hte\u00e4. Alle on koottuna askaislaisia yhdistyksi\u00e4, joiden omilta sivuilta saatte tarkemmin lis\u00e4tietoja klikkaamalla yhdistyksen nime\u00e4.<\/h3>\n<p><a title=\"Askaisten kyl\u00e4yhdistyksen toimintaa 2012 aikana\" href=\"http:\/\/www.askainen.fi\/portaali\/askaisten-kylayhdistys\/toiminta-2012\" target=\"_blank\" rel=\"noopener noreferrer\"><strong>Askaisten kyl\u00e4yhdistys ry<\/strong><br \/>\n<\/a>Puheenjohtaja Erika Kivirinta 050 307 4218\u202c<a title=\"Askaisten kyl\u00e4yhdistyksen toimintaa 2012 aikana\" href=\"http:\/\/www.askainen.fi\/portaali\/askaisten-kylayhdistys\/toiminta-2012\" target=\"_blank\" rel=\"noopener noreferrer\"><br \/>\n<\/a><\/p>\n<p><strong>Askiko ry<\/strong><a title=\"Askiko ry\" href=\"http:\/\/www.askiko.fi\" target=\"_blank\" rel=\"noopener noreferrer\"><br \/>\n<\/a>Askaisten koulun vanhempainyhdistys ry<br \/>\nPuheenjohtaja Anu Taivalkoski 050 533 7631<\/p>\n<p><a href=\"http:\/\/www.kurkkumarkkinat.fi\"><strong>Askaisten Kurkkuseura ry<\/strong><\/a><br \/>\nPuheenjohtaja Pertti Ver\u00e4j\u00e4nkorva 040 540 2709<br \/>\nSihteeri Soili Kivel\u00e4<\/p>\n<p><strong>Askaisten Maamies- ja Kalastusseura ry<\/strong><br \/>\nPertti Ver\u00e4j\u00e4nkorva 040 540 2709<\/p>\n<p><strong>Askaisten Martat ry<\/strong><br \/>\nPuheenjohtaja Taina Dahlgren puh. 040 718 4212<\/p>\n<p><strong>Askaisten-Merimaskun Karjalaiset ry<\/strong><br \/>\nPuheenjohtaja Risto\u00a0Janger\u00a00400 918 468<br \/>\nSihteeri Tiina Janger 040 744 3601<\/p>\n<p><strong>Askaisten VPK<\/strong><br \/>\nMarko Koskelainen, pj. <span data-olk-copy-source=\"MessageBody\">044 386 9162<\/span><br \/>\naskaistenvpk(at)vs-alpe.fi<a title=\"Askaisten VPK\" href=\"http:\/\/http:\/\/www.askaistenvpk.fi\" target=\"_blank\" rel=\"noopener noreferrer\"><br \/>\n<\/a><\/p>\n<p><strong>Askaisten Voimistelu- ja urheiluseura Visa ry<\/strong><br \/>\nMarko Koskelainen, pj. <span data-olk-copy-source=\"MessageBody\">044 386 9162<\/span><\/p>\n<p><strong>FC Lemun Visa<br \/>\n<\/strong>Jalkapallon junioritoiminta<br \/>\nToni Haapolahti 040 302 1825<\/p>\n<p><strong>Lemun-Askaisten Mets\u00e4stysseura Jahti r.y.<\/strong><br \/>\nTuomo H\u00e4kkinen 0400 509 931<br \/>\ntuomotapani.hakkinen@gmail.com<\/p>\n<p><strong>LC \u2013 Lemu \u2013 Askainen<\/strong><br \/>\nMika Ver\u00e4j\u00e4nkorva 02 431 2030<\/p>\n<p><strong>Louhisaaren Reservil\u00e4iset ry<\/strong><br \/>\nPuheenjohtaja Reijo Hilpinen 040 750 7330<\/p>\n<p><a title=\"Moottoripy\u00f6r\u00e4kerho Marski ry\" href=\"http:\/\/www.mcmarski.com\" target=\"_blank\" rel=\"noopener noreferrer\"><strong>Moottoripy\u00f6r\u00e4kerho Marski Ry<\/strong><br \/>\n<\/a>Puheenjohtaja Jyri Jylh\u00e4 0500 820 833<a title=\"Moottoripy\u00f6r\u00e4kerho Marski ry\" href=\"http:\/\/www.mcmarski.com\" target=\"_blank\" rel=\"noopener noreferrer\"><br \/>\n<\/a><\/p>\n<p><strong><a href=\"http:\/\/www.kolkankavijat.fi\" target=\"_blank\" rel=\"noopener noreferrer\">Partio<\/a>\u00a0Kolkank\u00e4vij\u00e4t<br \/>\n<\/strong>Lippukunnanjohtaja Hanna Vesterinen 0443761453<br \/>\nhanna.vesterinen@kolkankavijat.fi<strong><br \/>\n<\/strong><\/p>\n","protected":false},"excerpt":{"rendered":"<p>Askaisissa viihtyy hyvin. Kaikkien aktiviteettien ja harrastusten vuoksi ei tarvitse kauas l\u00e4hte\u00e4. Alle on koottuna askaislaisia yhdistyksi\u00e4, joiden omilta sivuilta saatte tarkemmin lis\u00e4tietoja klikkaamalla yhdistyksen nime\u00e4. Askaisten kyl\u00e4yhdistys ry Puheenjohtaja &hellip; <\/p>\n<p class=\"link-more\"><a href=\"https:\/\/www.askainen.fi\/portaali\/yhdistykset\" class=\"more-link\">Jatka lukemista<span class=\"screen-reader-text\"> &#8221;Yhdistykset&#8221;<\/span><\/a><\/p>\n","protected":false},"author":1,"featured_media":0,"parent":0,"menu_order":5,"comment_status":"closed","ping_status":"closed","template":"","meta":{"footnotes":""},"class_list":["post-17","page","type-page","status-publish","hentry"],"jetpack_sharing_enabled":true,"jetpack_likes_enabled":true,"_links":{"self":[{"href":"https:\/\/www.askainen.fi\/portaali\/wp-json\/wp\/v2\/pages\/17","targetHints":{"allow":["GET"]}}],"collection":[{"href":"https:\/\/www.askainen.fi\/portaali\/wp-json\/wp\/v2\/pages"}],"about":[{"href":"https:\/\/www.askainen.fi\/portaali\/wp-json\/wp\/v2\/types\/page"}],"author":[{"embeddable":true,"href":"https:\/\/www.askainen.fi\/portaali\/wp-json\/wp\/v2\/users\/1"}],"replies":[{"embeddable":true,"href":"https:\/\/www.askainen.fi\/portaali\/wp-json\/wp\/v2\/comments?post=17"}],"version-history":[{"count":6,"href":"https:\/\/www.askainen.fi\/portaali\/wp-json\/wp\/v2\/pages\/17\/revisions"}],"predecessor-version":[{"id":8869,"href":"https:\/\/www.askainen.fi\/portaali\/wp-json\/wp\/v2\/pages\/17\/revisions\/8869"}],"wp:attachment":[{"href":"https:\/\/www.askainen.fi\/portaali\/wp-json\/wp\/v2\/media?parent=17"}],"curies":[{"name":"wp","href":"https:\/\/api.w.org\/{rel}","templated":true}]}}